ivisor of 560 and 34100.
20
Calculate the greatest common factor of 245 and 154644.
49
Calculate the highest common factor of 29853 and 155.
31
Calculate the highest common divisor of 195 and 688365.
15
Calculate the greatest common divisor of 13200 and 9185.
55
Calculate the highest common factor of 9 and 73896.
3
What is the highest common divisor of 20 and 510610?
10
What is the highest common factor of 496 and 65069?
31
Calculate the greatest common divisor of 2175 and 4785.
435
Calculate the greatest common factor of 200898 and 198.
18
What is the greatest common factor of 1274 and 4550?
182
Calculate the highest common factor of 111 and 417434.
37
What is the highest common factor of 22 and 1708729?
11
What is the highest common factor of 2 and 23882?
2
What is the greatest common divisor of 3601767 and 39?
39
Calculate the greatest common divisor of 4 and 3226.
2
What is the greatest common factor of 45 and 170?
5
Calculate the highest common divisor of 151891 and 27545.
787
What is the greatest common factor of 245 and 463085?
35
What is the highest common divisor of 7817044 and 436?
436
Calculate the highest common divisor of 63288 and 4392.
72
Calculate the highest common divisor of 7 and 111671.
7
What is the highest common factor of 826 and 21122?
118
Calculate the greatest common divisor of 4891 and 670.
67
What is the greatest common factor of 4192 and 1436?
4
Calculate the greatest common divisor of 46577 and 329.
47
What is the greatest common divisor of 72 and 24687?
9
Calculate the greatest common factor of 52856 and 8.
8
What is the greatest common divisor of 12 and 78?
6
Calculate the greatest common divisor of 297 and 115731.
99
What is the highest common factor of 21141 and 2871?
261
What is the greatest common factor of 334 and 269705?
167
What is the highest common factor of 315 and 35420?
35
Calculate the highest common divisor of 3269 and 626714.
467
What is the greatest common divisor of 135 and 5920?
5
What is the highest common divisor of 167 and 915828?
167
Calculate the highest common factor of 1293 and 227568.
1293
Calculate the greatest common divisor of 136 and 271133.
17
What is the highest common factor of 10 and 37805?
5
Calculate the greatest common divisor of 18 and 652149.
9
Calculate the greatest common divisor of 4 and 349418.
2
What is the highest common factor of 19497 and 10767?
291
Calculate the greatest common divisor of 236880 and 45.
45
What is the highest common factor of 600348 and 588?
588
What is the greatest common divisor of 70 and 1740?
10
What is the greatest common divisor of 2528 and 7663?
79
Calculate the highest common factor of 16848 and 729.
81
Calculate the highest common factor of 165 and 297.
33
What is the highest common divisor of 389900 and 25?
25
What is the greatest common divisor of 50 and 12890?
10
What is the greatest common divisor of 186 and 130200?
186
What is the highest common factor of 3776 and 88384?
64
Calculate the greatest common divisor of 41031 and 3384.
423
What is the greatest common divisor of 1188 and 98?
2
What is the highest common divisor of 6810390 and 27?
9
Calculate the greatest common factor of 3792 and 912.
48
What is the greatest common divisor of 210944 and 800?
32
What is the greatest common divisor of 298900 and 244?
244
Calculate the greatest common factor of 18736 and 32.
16
Calculate the highest common factor of 8559 and 216.
27
What is the greatest common divisor of 358743 and 4389?
231
What is the highest common factor of 775992 and 1344?
168
What is the greatest common divisor of 51896 and 184?
8
Calculate the greatest common factor of 16066 and 406.
58
Calculate the highest common factor of 167 and 95357.
167
What is the greatest common factor of 18 and 2172?
6
What is the highest common factor of 279 and 16864?
31
What is the greatest common factor of 100814 and 758?
758
What is the highest common factor of 7791 and 49?
49
Calculate the greatest common divisor of 71100 and 480.
60
What is the greatest common divisor of 244376 and 704?
88
Calculate the greatest common divisor of 16902 and 36.
18
Calculate the highest common divisor of 10 and 352280.
10
What is the greatest common divisor of 29561 and 13699?
721
Calculate the highest common divisor of 3 and 68203.
1
Calculate the highest common factor of 1386128 and 205.
41
Calculate the greatest common factor of 45 and 1077.
3
Calculate the highest common factor of 4464 and 471510.
558
Calculate the greatest common divisor of 3807 and 1377.
81
What is the highest common divisor of 2457 and 34788?
39
Calculate the greatest common divisor of 2020 and 3610.
10
Calculate the highest common factor of 519617 and 21.
7
What is the greatest common divisor of 343 and 116963?
343
Calculate the greatest common factor of 85 and 108409.
17
What is the greatest common divisor of 730 and 267?
1
Calculate the greatest common factor of 240 and 41640.
120
What is the greatest common divisor of 1652183 and 13?
13
Calculate the highest common divisor of 42496 and 80.
16
What is the greatest common factor of 15300 and 990?
90
Calculate the highest common factor of 4820 and 60491.
241
Calculate the highest common divisor of 17523 and 108.
27
What is the highest common factor of 2651153 and 2284?
571
What is the highest common divisor of 25365 and 570?
285
Calculate the highest common factor of 974246 and 728.
182
Calculate the greatest common divisor of 11817 and 12625.
101
Calculate the greatest common factor of 60 and 331460.
20
Calculate the highest common factor of 54746 and 3782.
62
What is the greatest common divisor of 101605 and 1?
1
Calculate the highest common divisor of 466599 and 2142.
357
What is the greatest common divisor of 132 and 591036?
12
What is the greatest common divisor of 10857 and 759?
33
Calculate the highest common factor of 3068 and 52628.
236
What is the greatest common factor of 1860 and 3396980?
620
Calculate the highest common divisor of 792 and 25146.
198
What is the highest common factor of 5633 and 12052?
131
What is the greatest common factor of 12688 and 144560?
208
Calculate the highest common factor of 142884 and 196.
196
Calculate the greatest common factor of 262043 and 31.
31
What is the highest common divisor of 231 and 7581?
21
Calculate the highest common factor of 34 and 5275678.
34
Calculate the greatest common divisor of 15156 and 456364.
1684
Calculate the greatest common divisor of 584 and 70664.
584
What is the greatest common divisor of 68 and 7106?
34
What is the highest common factor of 380 and 7200?
20
What is the highest common divisor of 1037344 and 22?
22
Calculate the greatest common factor of 8 and 26636.
4
What is the highest common divisor of 392550 and 480?
30
Calculate the greatest common divisor of 2562627 and 1263.
1263
What is the highest common divisor of 13824 and 111456?
864
What is the highest common divisor of 7479 and 248469?
831
Calculate the greatest common factor of 3689 and 614761.
217
What is the highest common divisor of 13789535 and 2185?
2185
What is the highest common divisor of 14 and 544838?
14
Calculate the greatest common factor of 788744 and 352.
88
What is the highest common divisor of 17 and 29?
1
Calculate the highest common factor of 2956 and 784.
4
What is the highest common divisor of 8225 and 7525?
175
What is the highest common factor of 7600 and 1615?
95
Calculate the highest common divisor of 217828 and 36.
4
Calculate the greatest common divisor of 51 and 1131.
3
What is the greatest common factor of 198398 and 25424?
454
Calculate the greatest common divisor of 24 and 1307720.
8
Calculate the greatest common divisor of 860637 and 138.
69
What is the greatest common factor of 60 and 249312?
12
What is the highest common divisor of 96 and 1294?
2
What is the highest common factor of 621 and 15?
3
What is the highest common factor of 9 and 142875?
9
Calculate the highest common divisor of 82 and 14186.
82
What is the greatest common factor of 13818 and 52170?
282
Calculate the highest common factor of 17 and 12299143.
17
Calculate the highest common divisor of 378 and 438942.
42
Calculate the highest common factor of 5 and 369515.
5
What is the highest common divisor of 453 and 552660?
453
What is the highes